{"id":128,"date":"2023-06-20T17:18:18","date_gmt":"2023-06-20T17:18:18","guid":{"rendered":"https:\/\/www.tuequan.com\/?page_id=128"},"modified":"2025-10-22T07:29:07","modified_gmt":"2025-10-22T07:29:07","slug":"hun-phuoc","status":"publish","type":"page","link":"https:\/\/www.tuequan.com\/index.php\/hun-phuoc\/","title":{"rendered":"\u0110\u00f3ng G\u00f3p"},"content":{"rendered":"\n<div class=\"wp-block-group has-global-padding is-layout-constrained\">\n<p class=\"has-x-large-font-size\">\u0110\u00f3ng g\u00f3p th\u1ef1c ph\u1ea9m kh\u00f3a thi\u1ec1n:&nbsp;<\/p>\n\n\n\n<p class=\"has-large-font-size\">N\u1ebfu qu\u00ed v\u1ecb ph\u00e1t t\u00e2m h\u00f9n ph\u01b0\u1edbc th\u1ef1c ph\u1ea9m cho kh\u00f3a thi\u1ec1n, xin vui l\u00f2ng li\u00ean l\u1ea1c ch\u00fang t\u00f4i \u0111\u1ec3 \u0111\u0103ng k\u00fd.\u00a0<\/p>\n\n\n\n<p class=\"has-x-large-font-size\">(714) 510-2866<\/p>\n\n\n\n<p class=\"has-large-font-size\">Email: tuequan.info@gmail.com<\/p>\n\n\n\n<p class=\"has-large-font-size\">\u00a0<\/p>\n\n\n\n<hr class=\"wp-block-separator has-alpha-channel-opacity is-style-wide\"\/>\n<\/div>\n\n\n\n<div class=\"wp-block-group has-global-padding is-layout-constrained\">\n<p class=\"has-x-large-font-size\">\u0110\u00f3ng g\u00f3p c\u00f4ng qu\u1ea3 trong hay ngo\u00e0i kh\u00f3a thi\u1ec1n:&nbsp;<\/p>\n\n\n\n<p class=\"has-large-font-size\">Thi\u1ec1n vi\u1ec7n c\u1ea7n s\u1ef1 chung tay c\u1ee7a c\u00e1c thi\u1ec7n nguy\u1ec7n vi\u00ean \u0111\u1ec3 ho\u00e0n thi\u1ec7n v\u00e0 ph\u00e1t tri\u1ec3n.\u00a0N\u1ebfu qu\u00ed v\u1ecb ph\u00e1t t\u00e2m l\u00e0m c\u00f4ng qu\u1ea3, xin vui l\u00f2ng li\u00ean l\u1ea1c ch\u00fang t\u00f4i \u0111\u1ec3 bi\u1ebft th\u00eam chi ti\u1ebft.\u00a0\u00a0<\/p>\n\n\n\n<p class=\"has-x-large-font-size\">(714) 510-2866<\/p>\n\n\n\n<p class=\"has-large-font-size\">Email: <a rel=\"noreferrer noopener\" href=\"mailto:tuequan.info@gmail.com\" target=\"_blank\">tuequan.info@gmail.com<\/a>&nbsp;<\/p>\n\n\n\n<hr class=\"wp-block-separator has-alpha-channel-opacity\"\/>\n<\/div>\n\n\n\n<div class=\"wp-block-group is-nowrap is-layout-flex wp-container-4\">\n<div class=\"wp-block-group is-layout-flow\">\n<p class=\"has-x-large-font-size\">\u0110\u00f3ng g\u00f3p t\u1ecbnh t\u00e0i:&nbsp;<\/p>\n\n\n\n<p class=\"has-large-font-size\">Tu\u1ec7 Qu\u00e1n Thi\u1ec1n Vi\u1ec7n hoan h\u1ef7 xin nh\u1eadn h\u00f9n ph\u01b0\u1edbc \u0111\u00f3ng g\u00f3p t\u1ecbnh t\u00e0i \u0111\u1ec3 ti\u1ebfp t\u1ee5c t\u1ed5 ch\u1ee9c c\u00e1c kh\u00f3a thi\u1ec1n v\u00e0 c\u1ea3i thi\u1ec7n c\u01a1 s\u1edf v\u1eadt ch\u1ea5t thi\u1ec1n vi\u1ec7n.&nbsp;<\/p>\n\n\n\n<p class=\"has-large-font-size\">S\u1ef1 \u0111\u00f3ng g\u00f3p h\u00f9n ph\u01b0\u1edbc \u0111\u01b0\u1ee3c khai mi\u1ec5n gi\u1ea3m thu\u1ebf.&nbsp; EIN: 92-3927723&nbsp;<\/p>\n\n\n\n<p class=\"has-large-font-size\"><strong>Tr\u1ef1c ti\u1ebfp<\/strong><strong>:&nbsp;<\/strong>&nbsp;<\/p>\n\n\n\n<p class=\"has-large-font-size\">Qu\u00ed v\u1ecb c\u00f3 th\u1ec3 \u0111\u00f3ng g\u00f3p tr\u1ef1c ti\u1ebfp t\u1ea1i Tu\u1ec7 Qu\u00e1n Thi\u1ec1n Vi\u1ec7n b\u1eb1ng ti\u1ec1n m\u1eb7t ho\u1eb7c check.&nbsp;<\/p>\n\n\n\n<p class=\"has-large-font-size\"><strong>G\u1eedi check:<\/strong><strong>&nbsp;<\/strong>&nbsp;<\/p>\n\n\n\n<p class=\"has-large-font-size\">Qu\u00ed v\u1ecb c\u00f3 th\u1ec3 vi\u1ebft check cho \u201cCh\u00f9a Tu\u1ec7 Qu\u00e1n\u201d v\u00e0 g\u1eedi check v\u1ec1 \u0111\u1ecba ch\u1ec9&nbsp;<\/p>\n\n\n\n<p class=\"has-large-font-size\"><strong>Insight Buddhist Church<\/strong>&nbsp;<\/p>\n\n\n\n<p class=\"has-large-font-size\"><strong>3922 W. 5<\/strong><strong><sup>th<\/sup><\/strong><strong> St, Santa Ana, CA 92703<\/strong>&nbsp;<\/p>\n\n\n\n<p class=\"has-large-font-size\">Xin qu\u00ed v\u1ecb vui l\u00f2ng ghi \u0111\u1ecba ch\u1ec9 th\u01b0 ho\u1eb7c \u0111\u1ecba ch\u1ec9 email \u0111\u1ec3 ch\u00fang t\u00f4i c\u00f3 th\u1ec3 g\u1eedi phi\u1ebfu c\u00f4ng \u0111\u1ee9c v\u1ec1 cho qu\u00ed v\u1ecb.&nbsp;&nbsp;<\/p>\n\n\n\n<p class=\"has-large-font-size\"><strong>Chuy\u1ec3n kho\u1ea3n tr\u1ef1c ti\u1ebfp:<\/strong>&nbsp;<\/p>\n\n\n\n<p class=\"has-large-font-size\">N\u1ebfu ng\u00e2n h\u00e0ng c\u1ee7a qu\u00ed v\u1ecb d\u00f9ng Zelle,&nbsp; qu\u00ed v\u1ecb c\u00f3 th\u1ec3 chuy\u1ec3n kho\u1ea3n \u0111\u1ebfn &lt;<a href=\"mailto:tuequan.info@gmail.com\" target=\"_blank\" rel=\"noreferrer noopener\">tuequan.info@gmail.com<\/a>&gt;&nbsp;<\/p>\n<\/div>\n<\/div>\n","protected":false},"excerpt":{"rendered":"<p>\u0110\u00f3ng g\u00f3p th\u1ef1c ph\u1ea9m kh\u00f3a thi\u1ec1n:&nbsp; N\u1ebfu qu\u00ed v\u1ecb ph\u00e1t t\u00e2m h\u00f9n ph\u01b0\u1edbc th\u1ef1c ph\u1ea9m cho kh\u00f3a thi\u1ec1n, xin vui l\u00f2ng li\u00ean l\u1ea1c ch\u00fang t\u00f4i \u0111\u1ec3 \u0111\u0103ng k\u00fd.\u00a0 (714) 510-2866 Email: tuequan.info@gmail.com \u00a0 \u0110\u00f3ng g\u00f3p c\u00f4ng qu\u1ea3 trong hay ngo\u00e0i kh\u00f3a thi\u1ec1n:&nbsp; Thi\u1ec1n vi\u1ec7n c\u1ea7n s\u1ef1 chung tay c\u1ee7a c\u00e1c thi\u1ec7n nguy\u1ec7n vi\u00ean \u0111\u1ec3 ho\u00e0n [&hellip;]<\/p>\n","protected":false},"author":1,"featured_media":0,"parent":0,"menu_order":0,"comment_status":"closed","ping_status":"closed","template":"","meta":[],"_links":{"self":[{"href":"https:\/\/www.tuequan.com\/index.php\/wp-json\/wp\/v2\/pages\/128"}],"collection":[{"href":"https:\/\/www.tuequan.com\/index.php\/wp-json\/wp\/v2\/pages"}],"about":[{"href":"https:\/\/www.tuequan.com\/index.php\/wp-json\/wp\/v2\/types\/page"}],"author":[{"embeddable":true,"href":"https:\/\/www.tuequan.com\/index.php\/wp-json\/wp\/v2\/users\/1"}],"replies":[{"embeddable":true,"href":"https:\/\/www.tuequan.com\/index.php\/wp-json\/wp\/v2\/comments?post=128"}],"version-history":[{"count":16,"href":"https:\/\/www.tuequan.com\/index.php\/wp-json\/wp\/v2\/pages\/128\/revisions"}],"predecessor-version":[{"id":1971,"href":"https:\/\/www.tuequan.com\/index.php\/wp-json\/wp\/v2\/pages\/128\/revisions\/1971"}],"wp:attachment":[{"href":"https:\/\/www.tuequan.com\/index.php\/wp-json\/wp\/v2\/media?parent=128"}],"curies":[{"name":"wp","href":"https:\/\/api.w.org\/{rel}","templated":true}]}}